Let u(a) be the second derivative of -a**3 - 15*a**2/2 - a + 56. Give u(-9).
39
Let w(d) = 2 - 11*d + 25*d**2 - 27*d**2 - 8. Suppose 0 = 21*q + 2*k + 157, -5*k + 4*k - 33 = 4*q. Determine w(q).
-27
Let i(s) be the second derivative of s**5/10 - 3*s**4/4 - s**3/3 + 5*s**2 - 6*s + 55. What is i(4)?
-14
Let h(w) = 93*w + 378. Let d be h(-4). Let a(f) = f**3 - 6*f**2 - 31*f + 184. Calculate a(d).
-2
Let b(z) = -8*z - 13. Let a be b(-14). Let s(j) = 53*j**2 - a*j**2 + 48*j**2 + 12*j + 5. Let i be s(-5). Let p(c) = c**3 + 4*c**2 - 8*c - 7. Give p(i).
8
Let v(j) = 27*j**2 + 122*j - 10 + 28*j**2 + 25*j**2 - 128*j + 28*j**2 - 109*j**2. Suppose 3*m + 5 - 4 = 5*d, -5*m - 27 = -2*d. What is v(m)?
-17
Let o(g) be the second derivative of -g**5/20 - 5*g**4/12 + 7*g**3/6 - 5*g**2/2 + 264*g + 1. What is o(-6)?
-11
Let p(g) = 10*g**3 + 9*g**2 - 9*g + 3. Let m(n) = 22*n**3 + 19*n**2 - 21*n + 7. Let r(q) = 4*m(q) - 9*p(q). What is r(-4)?
61
Let r(x) = -x**3 - x**2 + 4*x + 3. Let s = -39 - -42. Suppose 2*q - q - 22 = -4*w, s*q = w + 1. Let p be 1 - q*(-12)/(-8). Give r(p).
-1
Let h(u) = 8*u**2 + 10*u**2 - 1279*u - 61 - u**3 + 6*u**2 + 1306*u. Give h(25).
-11
Let i(m) = -2*m**2 + 8*m - 7. Let u(k) = 2*k**3 - 13*k**2 - 96*k - 27. Let n be u(11). Give i(n).
-31
Let c(v) = 2*v**3 + 4*v**2 + v - 1. Let l(f) = -36*f - 249. Let x be l(-7). Let s be (10/((-15)/x))/1. Give c(s).
-3
Let h(f) = 3*f**2 - 15*f + 26. Let k be h(2). Let s(c) = -13 + 17 - c - 14 + 10. Calculate s(k).
-8
Let n = 6329 + -6329. Let g(i) = 2*i - 24. Give g(n).
-24
Suppose -34 = 3*r - 58. Let q(h) = -r*h + 8 + 16*h + 9*h**2 + h**3 + h + h. Determine q(-8).
-8
Suppose -10*t = -6*t + 4*n - 52, -2*t = -4*n - 8. Let u(q) = 13*q + 12*q - t*q + 68 - 69. Determine u(1).
14
Let t(a) = -2*a + 2. Suppose -8*c + 1041 + 1143 = 0. Let k = c - 267. Give t(k).
-10
Let f(a) be the first derivative of a**4/6 + a**3/2 - 2*a**2 + 296*a + 172. Let o(w) be the first derivative of f(w). Let n = -2 - 2. Give o(n).
16
Suppose -398*g = 295*g - 149*g + 5440. Let x(d) be the second derivative of d**3/3 - d**2 + d. Calculate x(g).
-22
Let m(p) = 27 + 45 + 119*p**2 - 118*p**2 + 9*p - 46. What is m(-4)?
6
Let u(a) = 25*a**2 - 39*a + 108. Let h(z) = -79*z**2 + 118*z - 327. Let t(f) = 6*h(f) + 19*u(f). Determine t(30).
0
Let x(i) = -i**3 - 6*i**2 + 26*i + 74. Let y be x(-8). Let m(l) = -l**3 - 7*l**2 + 10*l + 9. Determine m(y).
-87
Suppose 3*p + 41 = 47, 24 = 4*f + 2*p. Let u(g) = g**3 - 4*g**2 - 3*g + 3. Determine u(f).
13
Let z(t) = -t**2 - 8*t - 5. Let a be -6*(1/(-4))/((-7)/14). Give z(a).
10
Let z(x) be the third derivative of -x**4/6 + 12*x**3 - 49*x**2 - 7*x. Determine z(18).
0
Let w be -7 + 16/5 + (-1)/5. Let z be w/(8/(-10)) - 5. Let v(m) = -m - 26. Determine v(z).
-26
Let v(z) = -z**3 - 9*z**2 + 11*z + 171. Let i be v(-6). Let l(c) = c**2 + 5*c. What is l(i)?
-6
Let f(j) = -497417*j**3 + 2*j + 497416*j**3 + 23*j + 22*j**2 - 47. Calculate f(23).
-1
Let s(o) be the third derivative of -9*o**5/20 - 5*o**4/12 - 2*o**3/3 - 159*o**2. Let n(c) = 23*c**2 + 9*c + 4. Let y(i) = 7*n(i) + 6*s(i). What is y(3)?
4
Let f(d) = -d**3 - 30*d**2 + 64*d - 9. Let c(u) = -39*u - 812. Let w be c(-20). What is f(w)?
-9
Let b = 191 - 187. Let f(j) = j**2 - 5*j + 18. What is f(b)?
14
Let x(f) = -54*f**3 - f**2 + 5. Let l(n) = 3*n**3 - 1. Let s(w) = -5*l(w) - x(w). Give s(1).
40
Let w(h) be the second derivative of h**8/672 + h**7/1260 - h**5/120 + h**4/12 - 16*h**2 - 10*h - 2. Let b(t) be the third derivative of w(t). Calculate b(1).
11
Suppose -4*n - 69 = -8*n - 5*v, 0 = -2*n + 4*v + 2. Suppose -n = 5*l - 51. Let k(r) = r**2 - 8*r - 3. Give k(l).
-3
Let w(d) = 2*d**2 + 9*d - 4. Let a(s) = 2*s**2 + 30*s + 30. Let g be a(-14). Let j(l) = l**2 + 5*l - 3. Let v(o) = g*w(o) - 5*j(o). Calculate v(-7).
7
Let f(x) = x + 16. Let r(m) = -45*m**2 - 16*m + 13*m**2 + 13*m**2 - 73 + 18*m**2. Let l be r(-6). What is f(l)?
3
Suppose 2*m + 52 = -b + 44, -2*b + m = -4. Let c(x) be the second derivative of 28*x - 19/6*x**3 - 1/2*x**2 + b. Determine c(-1).
18
Let k(m) = 0*m**3 - 20*m - 17*m**2 + 16 - 58 + 33 + 26 + m**3. What is k(18)?
-19
Let o(r) = r**2 + 5*r + 2. Let m = 11 + -3. Suppose -4*h - m = 4. Let a be h/(9/12 + 0/3). Determine o(a).
-2
Let y = -6 - -2. Suppose 0 = -21*n + 2*n + 19. Let i(t) = -t**3 - t**2 - t - 2. Let w(d) = 3*d**3 + 5*d**2 + 7. Let a(x) = n*w(x) + 2*i(x). Give a(y).
-5
Suppose -12 = -4*d - 0*d. Suppose -r - 3*r + 23 = d*g, -3*g = -2*r + 25. Suppose 13 = -3*b - 5*h + 43, b + h - r = 0. Let i(w) = -w**2 + 3*w - 2. What is i(b)?
-12
Let z(b) = 9353 - b - 9354 - b. Determine z(-3).
5
Let h(x) = -30 + 7 + 1563*x + x**2 - 1560*x. What is h(-8)?
17
Let y(k) be the second derivative of -k**5/20 - 5*k**4/12 + 3*k**3/2 + k**2/2 - 2268*k. Determine y(3).
-44
Let n(y) be the second derivative of -y**4/12 - 23*y**3/6 + 13*y**2 - 552*y. Calculate n(-25).
-24
Suppose -3*r - 3 = -6*r. Let z(g) = 2*g + 7 - 2*g + 11 - 17 - 6*g**2. Let x be z(r). Let n(a) = -a + 2. What is n(x)?
7
Suppose 0 = -3*p - 406 - 590. Let t = 335 + p. Let l(w) = -w**2 + 3*w - 5. Calculate l(t).
-5
Suppose 17 = -820*q + 872*q - 139. Let l(p) be the third derivative of -1/5*p**6 - 1/60*p**5 + 0*p + 0 + 1/6*p**q + 1/24*p**4 + 13*p**2. Determine l(-1).
23
Let j(b) = b**3 + 3*b**2 - 2*b + 14. Let c be 152/1368 - (82/9 - (-2 + 5)). What is j(c)?
-82
Let j(x) be the first derivative of -25*x**2/2 - 15*x - 134. Let w be j(-1). Let z(m) = -3*m + 13. Determine z(w).
-17
Let f = -5 + 13. Let d = -5 + f. Let t(q) be the third derivative of -q**4/24 + q**3/3 + 39*q**2. What is t(d)?
-1
Let w(m) = -m**3 - 6*m**2 - 5*m + 5. Suppose 2*l + 4 = 8*i - 10*i, -l + 23 = -4*i. Give w(i).
5
Let j(r) = -2*r + 6. Let m be (1 + (-45)/25)/(8/4220). Let k = m + 422. Give j(k).
6
Let a(m) = -3*m - 1. Let i be (-2 + -1)*(-128)/12. Suppose 0 = -4*f + 20 + i. Suppose 0 = -2*d - 11 + f. Give a(d).
-4
Suppose -5*x + p + 5 = -0, x - 17 = -3*p. Let o(b) = 9*b - 26*b + b**2 + 9*b - 8 + x*b. Let v be (2 + 19)*3/9. Determine o(v).
-1
Let h(g) = -6*g**2 - 4562*g**3 + 2282*g**3 - 3 - 6*g - 4 + 2279*g**3. Suppose -4*i + 10 = -2*q, -4*i + 7*i + 5 = -q. Give h(q).
-2
Suppose -5*s - 5 = -2*q - 26, -4*q = -3*s + 21. Let u(l) = 15*l - 17. Let j(n) = -2*n + 2. Let y(z) = q*u(z) - 24*j(z). Calculate y(3).
12
Let x(k) be the first derivative of -1/4*k**4 + 11/3*k**3 - 153 - 7*k**2 + 0*k. Give x(10).
-40
Let f = 2850 - 2858. Let o(n) = -n**2 - 17*n - 11. Give o(f).
61
Suppose 2145 = 8*t + 617. Let x = t - 181. Let y(w) = 3*w - 4. Calculate y(x).
26
Let s = -36 - -41. Let t(q) = 1 + s + 2*q**2 - 13*q + 8*q - 3. Give t(3).
6
Suppose -62*w = -26*w - 2448. Suppose 25*f = 42*f + w. Let b(c) = 2*c - c - 5*c - 5. What is b(f)?
11
Let a(c) = 2*c - 15. Let p(f) = 155*f - 539. Let n(d) = -11*a(d) - p(d). Give n(4).
-4
Let g(r) = r - 38. Suppose 38*z = -27093 + 27473. What is g(z)?
-28
Suppose 3*n + 2*n = -3*x + 107, 4*x + 2*n = 138. Suppose -m = -5*z + x, z - 3*z + 4*m = -28. Let f(l) = 185 - 93 - 2*l - 89. Give f(z).
-9
Let h(g) = 11*g**2 + 14*g + 12. Let z(f) = -13*f**2 - 15*f - 14. Let u(i) = -7*h(i) - 6*z(i). Let c = 176 + -168. What is u(c)?
0
Let g(r) be the third derivative of -r**6/30 + r**5/60 + r**4/12 + 26*r**2 + 2*r - 31. What is g(2)?
-24
Let j(p) be the second derivative of -p**4/12 + 5*p**3/3 + 9*p**2/2 + 3866*p. Give j(11).
-2
Let x(i) = i**2 - 5*i + 2. Let p be x(5). Let n = 1826 + -1826. Let w(q) = -4*q + n + q + q - p. What is w(6)?
-14
Let g(v) be the third derivative of v**7/2520 - v**6/90 + 3*v**5/40 + 61*v**4/24 - 6*v**2 + 12*v. Let z(q) be the second derivative of g(q). Determine z(7).
2
Let o(b) = 11*b + 3*b**2 + 11*b**2 - 1 - 11*b. Let q = 437 + -436. Calculate o(q).
13
Let s(o) = -1260 - o - 1254 + 3779 - 1251. Calculate s(19).
-5
Suppose -37*m = -3*x - 34*m - 12, 0 = -x + 2*m. Let a(f) = 2*f**2 + 22*f + 25. Give a(x).
-23
Suppose 11*o + 51 = 18. Let h(z) be the second derivative of -z**5/30 - z**4/12 - z**3/2 - z**2 - 2*z. Let g(l) be the first derivative of h(l). Calculate g(o).
-15
Suppose -8*j = -23*j + 675. Let g = 44 - j. Let i(x) = 4*x**2 + 5*x + 2. Let a(v) = 2*v**2 + 3*v + 1. Let y(c) = 5*a(c) - 3*i(c). Determine y(g).
-3
Let i be (12 - 522/36)*6/(-5). Let f(r) = 12*r - 11. Calculate f(i).
25
Let n(i